2 + 4475*y + 1103. Calculate w(166).
-59
Let r(j) = j**3 - 1160*j**2 + 4*j - 3. Give r(0).
-3
Let j(o) = -2*o**3 + 544*o**2 - 1069*o - 2961. Give j(270).
9
Let d(j) = 2559*j - 949. Give d(1).
1610
Let f(v) = -v**2 + 17445*v - 191752. Give f(11).
22
Let n(r) = -824*r**2 + 40*r - 33. Determine n(1).
-817
Let w(g) = -3*g**2 - 12102*g + 72636. What is w(6)?
-84
Let s(o) = 2*o**2 - 201*o - 9741. Determine s(137).
260
Let g(k) = 325020*k - 1300046. What is g(4)?
34
Let s(l) = 77*l + 1134. What is s(7)?
1673
Let f(r) = -86*r**3 - 2839*r**2 - 49*r - 1000. What is f(-33)?
-472
Let i(u) = -u**3 + 48*u**2 + 104*u - 355. Give i(50).
-155
Let j(c) = c**3 + 84*c**2 + 331*c + 51940. Give j(-87).
436
Let l(a) = 1367*a - 98377. What is l(72)?
47
Let m(p) = p**3 - 185*p**2 + 181*p + 573. Determine m(184).
21
Let p(r) = 452*r**2 + 147808*r + 1138. Calculate p(-327).
-170
Let b(m) = 4013*m - 1219954. Determine b(304).
-2
Let f(p) = 2*p**2 - 7889*p + 117893. What is f(15)?
8
Let n(c) = -3*c**3 - 10*c**2 + 168*c - 442. Determine n(4).
-122
Let h(x) = -45*x**2 + 5507*x - 2112. Give h(122).
-38
Let a(d) = -1188*d - 58239. Give a(-49).
-27
Let n(b) = -13*b**3 + 10*b**2 + 105*b - 486. Determine n(4).
-738
Let t(n) = -n**3 - 31*n**2 + 513*n - 273. Calculate t(12).
-309
Let d(o) = -67*o + 290. What is d(13)?
-581
Let l(q) = -q**3 + 57*q**2 + 2547*q - 50. Determine l(-30).
1840
Let p(r) = -1505386*r - 7526930. Give p(-5).
0
Let m(c) = -c**3 - 358*c + 1881. Give m(5).
-34
Let v(y) = y**2 + 38745*y - 1667842. Give v(43).
42
Let g(t) = -4*t**2 + 101*t + 416. Determine g(28).
108
Let d(x) = -2142*x - 40701. What is d(-19)?
-3
Let s(r) = 11*r**2 + 426*r - 3094. Determine s(-45).
11
Let u(d) = 1877*d + 20799. What is u(-11)?
152
Let w(b) = 99721*b + 1196670. Determine w(-12).
18
Let v(b) = -b**3 + 13*b + 41. What is v(7)?
-211
Let v(z) = z**2 + 24*z - 857. Determine v(19).
-40
Let p(v) = -101202*v - 1012020. Determine p(-10).
0
Let l(h) = 10*h**2 + 115*h - 1045. Calculate l(8).
515
Let j(k) = 22*k**3 - 106*k**2 + 81*k + 25. What is j(1)?
22
Let y(q) = 30*q + 2501. What is y(-24)?
1781
Let z(j) = 5*j**3 + 3*j**2 + 13*j - 14. Give z(3).
187
Let c(m) = -10*m**2 - 2*m + 1804. What is c(13)?
88
Let m(j) = 129*j**3 - 79458*j**2 - 3694*j - 1151. Give m(616).
81
Let n(g) = 6806*g - 102110. What is n(15)?
-20
Let n(i) = 68096*i - 17568771. Determine n(258).
-3
Let p(q) = -1027*q + 51643. Calculate p(51).
-734
Let o(x) = 5*x**3 + 42*x**2 + 2*x - 39. What is o(-4)?
305
Let r(f) = 151*f + 5576. Determine r(-25).
1801
Let m(s) = -s**3 - 14*s**2 - 855*s - 9953. Calculate m(-12).
19
Let i(g) = 18*g**2 - 688*g - 689. Give i(43).
3009
Let h(u) = -642*u - 171420. Calculate h(-267).
-6
Let i(f) = -3*f**2 + 261*f + 4292. What is i(93)?
2618
Let a(h) = -4*h**3 + 7*h**2 + 40*h - 76. What is a(-4)?
132
Let a(q) = -1374*q + 362225. Determine a(264).
-511
Let s(i) = -i**3 + 46*i**2 - 9225*i + 435784. Give s(47).
0
Let p(r) = -r**3 - 33*r**2 - 275*r - 20. What is p(-10)?
430
Let b(l) = -l**3 - 50*l**2 - 31*l - 1068. Calculate b(-50).
482
Let g(t) = -5*t**2 - 135*t - 609. Give g(-11).
271
Let u(o) = o**2 + 328*o + 17533. What is u(-265)?
838
Let x(l) = 24*l**2 - 187*l + 44. Determine x(8).
84
Let a(l) = -21*l + 883. What is a(-21)?
1324
Let m(o) = 41*o**3 + 1103*o**2 - 101*o + 244. Calculate m(-27).
55
Let p(o) = o**2 + 724037*o + 18824291. What is p(-26)?
5
Let q(x) = x**2 - 4792*x - 130166. What is q(-27)?
-53
Let z(d) = 5427*d - 244200. Calculate z(45).
15
Let a(p) = -136*p - 9326. Determine a(-68).
-78
Let u(t) = 59*t + 2824. Determine u(-57).
-539
Let f(l) = 655*l**2 + 51092*l + 45. Give f(-78).
-111
Let u(v) = 2*v**3 - 675*v**2 + 3655*v - 455. Give u(332).
541
Let o(z) = -2*z**3 + 485*z**2 - 5330*z + 3939. Give o(231).
12
Let h(b) = b**3 + 147*b**2 - 760*b + 149. Calculate h(-152).
149
Let q(r) = -r**2 - 49670*r + 19826134. Determine q(396).
-2
Let d(o) = o**3 - 2248*o**2 - 572652*o - 681. Determine d(-231).
12
Let z(n) = 167653*n + 1844177. Give z(-11).
-6
Let u(k) = 52928*k + 211702. Give u(-4).
-10
Let v(r) = -3*r**2 - 95*r - 447. Determine v(-5).
-47
Let w(f) = -8*f**2 + 7011*f + 538133. Calculate w(-71).
24
Let b(d) = -68*d - 2863. Give b(-9).
-2251
Let n(o) = 732*o + 12373. Give n(-13).
2857
Let u(h) = -4*h**2 + 64*h + 3134. What is u(37)?
26
Let t(j) = -6*j**2 - 21*j + 529. Calculate t(10).
-281
Let i(y) = -2211*y**2 + 11001*y + 259. Give i(5).
-11
Let w(i) = i**2 - 466*i - 48746. Give w(-88).
6
Let t(s) = 118*s**3 + 163*s**2 + 15*s - 146. What is t(-1)?
-116
Let k(g) = 18*g**2 + 448*g - 131. Calculate k(-25).
-81
Let j(b) = -2*b**3 + 86*b**2 + 77*b + 577. What is j(44)?
93
Let u(y) = -3801*y - 376410. What is u(-99)?
-111
Let r(w) = 2*w**2 - 1738*w - 50306. Give r(-28).
-74
Let g(q) = -3*q**2 - 305*q + 2544. What is g(-115)?
-2056
Let m(l) = 3204*l + 17875. Calculate m(-6).
-1349
Let j(z) = z**3 + 66*z**2 - 444*z + 67. What is j(6)?
-5
Let p(h) = 1120853*h + 17933643. What is p(-16)?
-5
Let h(k) = -14*k**3 + 814*k**2 - 111*k - 286. Calculate h(58).
4
Let z(t) = t**3 + 70*t**2 + 7*t - 128. What is z(0)?
-128
Let p(w) = 5*w**2 + 120*w + 234. What is p(-20)?
-166
Let f(t) = 6012*t - 6336667. What is f(1054)?
-19
Let r(y) = y**3 - 20*y**2 - 356*y + 6850. Determine r(22).
-14
Let s(w) = 38*w**2 + 184*w + 176. Determine s(-4).
48
Let n(c) = c**2 - 2521*c - 71437. Give n(-28).
-65
Let n(r) = -87269*r - 3403553. What is n(-39)?
-62
Let t(q) = 159206*q + 1114429. What is t(-7)?
-13
Let w(m) = 26*m - 1297. What is w(-27)?
-1999
Let h(c) = c**2 - 25772*c - 1161775. Give h(-45).
-10
Let p(h) = h**2 + 31*h - 168. What is p(-35)?
-28
Let n(q) = -15429*q - 277869. What is n(-18)?
-147
Let q(j) = -j**2 + 1376*j - 48244. Calculate q(36).
-4
Let t(w) = 658951*w - 3294722. Determine t(5).
33
Let h(t) = -15*t**2 - 600*t - 1205. Give h(-38).
-65
Let l(p) = -1113*p + 8940. Give l(8).
36
Let d(m) = -10323*m - 144531. Calculate d(-14).
-9
Let a(d) = 8*d**2 + 560*d + 156. Determine a(-70).
156
Let g(u) = 19588*u - 254708. What is g(13)?
-64
Let t(h) = 6943*h - 104121. Give t(15).
24
Let j(f) = -76*f - 7875. Determine j(-104).
29
Let q(f) = 3*f**2 - 551*f + 15737. Determine q(143).
-1709
Let c(u) = u**3 - 98*u**2 + 1797*u - 1639. What is c(74)?
-85
Let m(q) = q**2 - 495*q - 4368. What is m(-9)?
168
Let y(m) = -995*m**2 - 617*m + 1. Calculate y(-1).
-377
Let g(x) = -8*x**2 - 1122*x - 9505. Determine g(-9).
-55
Let x(d) = 5*d**3 - 194*d**2 + 162*d - 7856. Calculate x(39).
-17
Let r(z) = -10*z**2 - 216*z - 327. Calculate r(-20).
-7
Let f(z) = 657*z - 107141. Calculate f(163).
-50
Let j(r) = -2*r**3 - 80*r**2 + 79*r - 173. Determine j(-41).
-50
Let p(q) = -6*q**2 + 4372*q + 784622. Give p(-149).
-12
Let o(r) = -2*r**3 - 11*r**2 + 2*r - 29. Give o(-6).
-5
Let r(q) = -94*q**3 - 37*q**2 + 4*q + 26. What is r(-3)?
2219
Let v(d) = -37952*d + 4781914. Calculate v(126).
-38
Let a(p) = 5116*p - 66474. Give a(13).
34
Let z(k) = -k**2 + 190*k - 8516. Calculate z(122).
-220
Let u(s) = 825*s + 194617. Give u(-236).
-83
Let m(q) = -q**3 - 18*q**2 - 66*q - 512. Calculate m(-16).
32
Let c(m) = -3*m**2 + 1589*m + 5. What is c(0)?
5
Let h(k) = 4*k**2 - 50996*k + 916631. Give h(18).
-1
Let x(t) = 2*t**2 - 400235*t - 3201847. What is x(-8)?
161
Let m(y) = 1200*y + 13282. Determine m(-11).
82
Let v(f) = 28928*f + 231381. What is v(-8)?
-43
Let u(q) = -25971*q + 338436. Give u(13).
813
Let l(d) = -173489*d + 1214483. Give l(7).
60
Let k(a) = a**3 + 28*a**2 + 44*a + 6667. Determine k(-34).
-1765
Let d(j) = 147331*j - 2357303. What is d(16)?
-7
Let w(z) = 31753*z + 63469. Determine w(-2).
-37
Let k(f) = -605*f + 3563. Calculate k(6).
-67
Let x(f) = -3*f**3 + 4*f**2 - 154*f + 769. What is x(4)?
25
Let c(t) = -476471*t - 7147078. Calculate c(-15).
-13
Let w(b) = -14578*b - 27. Give w(0).
-27
Let p(j) = 1365*j + 109173. Determine p(-80).
-27
Let s(l) = l**2 + 4947*l - 119371. Give s(24).
-67
Let t(d) = 200*d - 6907. Give t(42).
1493
Let b(z) = z**3 - 319*z**2 - 3618*z - 3953. What is b(330)?
7
Let i(y) = 8*y**2 + 540*y + 750. What is i(-65)?
-550
Let m(h) = 3*h**3 + 133*h**2 + 1542*h + 32. Give m(-16).
-2880
Let c(z) = 346*z + 5137. What is c(-11)?
1331
Let l(m) = -4*m**2 + 488*m - 8128. Calculate l(102).
32
Let d(j) = 2153*j - 51802. Give 